4256?
True
Is 9 a factor of 7473?
False
Does 34 divide 733?
False
Does 70 divide 58100?
True
Is 62583 a multiple of 23?
True
Does 2 divide 25?
False
Is 15 a factor of 22510?
False
Is 5 a factor of 2315?
True
Is 11 a factor of 396?
True
Does 3 divide 174?
True
Is 60040 a multiple of 111?
False
Is 1425 a multiple of 95?
True
Is 5355 a multiple of 51?
True
Is 87 a factor of 3045?
True
Is 4307 a multiple of 11?
False
Is 14924 a multiple of 182?
True
Is 8699 a multiple of 234?
False
Is 7580 a multiple of 76?
False
Is 711 a multiple of 4?
False
Is 5 a factor of 799?
False
Is 33 a factor of 396?
True
Is 9 a factor of 4110?
False
Does 45 divide 36416?
False
Is 20 a factor of 4367?
False
Does 15 divide 99?
False
Is 82517 a multiple of 40?
False
Is 924 a multiple of 42?
True
Is 14 a factor of 336?
True
Is 23205 a multiple of 7?
True
Is 139 a multiple of 3?
False
Does 31 divide 1472?
False
Is 14 a factor of 781?
False
Is 5382 a multiple of 40?
False
Is 69 a factor of 2916?
False
Does 273 divide 20207?
False
Does 55 divide 1540?
True
Is 62196 a multiple of 213?
True
Is 18 a factor of 633?
False
Does 7 divide 25557?
True
Is 4212 a multiple of 9?
True
Does 113 divide 143284?
True
Is 8 a factor of 304?
True
Is 3444 a multiple of 42?
True
Is 798 a multiple of 14?
True
Is 135 a multiple of 3?
True
Does 178 divide 56960?
True
Does 281 divide 104610?
False
Is 19 a factor of 1539?
True
Is 12 a factor of 119?
False
Is 5956 a multiple of 8?
False
Is 8640 a multiple of 63?
False
Is 3575 a multiple of 25?
True
Is 35772 a multiple of 66?
True
Is 2406 a multiple of 41?
False
Does 16 divide 21629?
False
Is 8080 a multiple of 2?
True
Does 10 divide 1128?
False
Does 5 divide 5799?
False
Is 1072 a multiple of 14?
False
Is 2 a factor of 1901?
False
Is 101 a factor of 14241?
True
Is 586 a multiple of 14?
False
Is 2366 a multiple of 7?
True
Is 7 a factor of 96?
False
Is 44 a factor of 5695?
False
Is 163658 a multiple of 36?
False
Is 17 a factor of 346?
False
Is 8 a factor of 54652?
False
Is 2067 a multiple of 8?
False
Does 20 divide 2130?
False
Does 16 divide 178?
False
Is 51 a factor of 1071?
True
Is 1321 a multiple of 16?
False
Does 45 divide 19552?
False
Does 10 divide 453?
False
Is 1330 a multiple of 35?
True
Is 21 a factor of 249?
False
Does 9 divide 2927?
False
Does 53 divide 377?
False
Is 13813 a multiple of 16?
False
Does 32 divide 32?
True
Is 201 a factor of 9421?
False
Is 11 a factor of 4562?
False
Does 13 divide 2171?
True
Is 2028 a multiple of 6?
True
Is 14 a factor of 1008?
True
Is 75 a factor of 9000?
True
Is 6977 a multiple of 76?
False
Is 3056 a multiple of 73?
False
Is 37663 a multiple of 10?
False
Is 690 a multiple of 30?
True
Does 109 divide 28776?
True
Does 12 divide 2064?
True
Is 9930 a multiple of 88?
False
Is 29 a factor of 13630?
True
Is 4323 a multiple of 14?
False
Does 184 divide 40848?
True
Is 23081 a multiple of 44?
False
Does 13 divide 20995?
True
Does 123 divide 48906?
False
Is 1274 a multiple of 91?
True
Is 3517 a multiple of 238?
False
Does 64 divide 2130?
False
Is 484 a multiple of 8?
False
Is 71 a factor of 4118?
True
Is 60 a factor of 36300?
True
Does 47 divide 2405?
False
Is 12 a factor of 16903?
False
Does 3 divide 14?
False
Does 12 divide 15028?
False
Is 385 even?
False
Is 85 a factor of 5274?
False
Does 27 divide 1296?
True
Is 259 a multiple of 7?
True
Is 73 a factor of 2798?
False
Is 142 a factor of 20780?
False
Is 19 a factor of 81378?
False
Does 26 divide 837?
False
Does 4 divide 1444?
True
Is 9 a factor of 906?
False
Does 31 divide 682?
True
Is 28 a factor of 75397?
False
Is 502 a multiple of 4?
False
Is 275 a multiple of 11?
True
Is 110 a factor of 7480?
True
Does 20 divide 980?
True
Does 2 divide 824?
True
Is 4400 a multiple of 20?
True
Is 1260 a multiple of 12?
True
Does 193 divide 111056?
False
Is 40415 a multiple of 50?
False
Does 17 divide 561?
True
Is 390 a multiple of 30?
True
Is 7350 a multiple of 14?
True
Is 4039 a multiple of 9?
False
Is 77 a factor of 6237?
True
Does 69 divide 897?
True
Does 23 divide 7342?
False
Does 58 divide 35902?
True
Is 60 a multiple of 20?
True
Does 16 divide 20016?
True
Does 11 divide 1551?
True
Does 19 divide 876?
False
Does 104 divide 7176?
True
Does 2 divide 49?
False
Is 7 a factor of 3367?
True
Is 79 a factor of 121265?
True
Does 62 divide 33294?
True
Is 53 a factor of 438?
False
Is 3 a factor of 354?
True
Does 21 divide 630?
True
Is 94 a factor of 2162?
True
Is 1713 a multiple of 11?
False
Is 25575 a multiple of 93?
True
Is 1937 a multiple of 13?
True
Is 6 a factor of 264?
True
Is 12478 a multiple of 17?
True
Is 10 a factor of 1556?
False
Does 16 divide 1664?
True
Is 104 a factor of 15661?
False
Is 141 a factor of 23970?
True
Does 6 divide 150?
True
Is 12 a factor of 21108?
True
Does 30 divide 1065?
False
Is 14690 a multiple of 26?
True
Is 390 a multiple of 10?
True
Is 28 a factor of 1316?
True
Is 895 a multiple of 6?
False
Is 27 a factor of 13986?
True
Is 3577 a multiple of 73?
True
Is 16 a factor of 301?
False
Is 51645 a multiple of 40?
False
Does 12 divide 612?
True
Is 386 a factor of 99401?
False
Is 1608 a multiple of 45?
False
Does 35 divide 665?
True
Is 18 a factor of 39888?
True
Is 1850 a multiple of 10?
True
Is 1224 a multiple of 36?
True
Is 9 a factor of 2223?
True
Does 79 divide 5293?
True
Is 18 a multiple of 3?
True
Does 15 divide 22961?
False
Does 123 divide 30159?
False
Is 807 a multiple of 12?
False
Is 12 a factor of 44267?
False
Is 1539 a multiple of 56?
False
Does 50 divide 110?
False
Is 14 a factor of 12404?
True
Is 10 a factor of 12682?
False
Is 16 a factor of 4076?
False
Is 30 a factor of 203?
False
Is 42 a factor of 6342?
True
Is 3152 a multiple of 55?
False
Does 227 divide 13121?
False
Is 4200 a multiple of 100?
True
Does 7 divide 1947?
False
Does 40 divide 119120?
True
Is 4 a factor of 124?
True
Is 210 a multiple of 21?
True
Is 88 a multiple of 8?
True
Is 10 a factor of 1030?
True
Is 16031 a multiple of 22?
False
Is 2346 a multiple of 22?
False
Is 44702 a multiple of 14?
True
Is 76 a factor of 1465?
False
Does 26 divide 766?
False
Does 77 divide 5929?
True
Does 8 divide 376?
True
Is 62 a factor of 7369?
False
Is 11791 a multiple of 13?
True
Does 80 divide 2880?
True
Is 3224 a multiple of 26?
True
Is 2 a factor of 89?
False
Is 320 a multiple of 32?
True
Does 4 divide 2176?
True
Is 76 a multiple of 15?
False
Is 868 a multiple of 31?
True
Is 14 a factor of 3836?
True
Does 26 divide 3718?
True
Is 17 a factor of 680?
True
Does 11 divide 4048?
True
Is 80753 a multiple of 25?
False
Does 132 divide 6996?
True
Is 6 a factor of 3642?
True
Is 390 a multiple of 3?
True
Does 41 divide 1804?
True
Is 71 a factor of 8236?
True
Does 15 divide 17035?
False
Is 6 a factor of 219?
False
Is 22 a factor of 52317?
False
Is 53742 a multiple of 13?
True
Is 17424 a multiple of 22?
True
Is 10 a factor of 5789?
False
Is 36 a factor of 11765?
False
Is 3843 a multiple of 37?
False
Does 12 divide 17892?
True
Is 2790 a multiple of 45?
True
Is 79 a factor of 390?
False
Is 987 a multiple of 21?
True
Is 72 a factor of 468?
False
Does 129 divide 4603?
False
Is 5379 a multiple of 163?
True
Is 27 a factor of 2133?
True
Does 31 divide 27343?
False
Is 9270 a multiple of 103?
True
Is 80190 a multiple of 27?
True
Is 14260 a multiple of 9?
False
Is 2651 a multiple of 5?
False
Does 29 divide 1653?
True
Is 3217 a multiple of 215?
False
Is 2065 a multiple of 35?
True
Is 884 a multiple of 52?
True
Does 10 divide 12946?
False
Does 46 divide 1196?
True
Is 28 a factor of 490?
False
Is 2411 a multiple of 3?
False
Does 7 divide 728?
True
Is 2312 a multiple of 8?
True
Is 5 a factor of 2319?
False
Does 27 divide 3687?
False
Is 1070 a multiple of 22?
False
Does 69 divide 138?
True
Does 14 divide 9870?
True
Does 405 divide 98067?
False
Is 2945 a multiple of 5?
True
Is 1857 a multiple of 13?
False
Is 32 a factor of 438?
False
Is 20 a factor of 45289?
False
Is 3 a factor of 84?
True
Is 35711 a multiple of 6?
False
Is 13 a factor of 1207?
False
Is 1232 a multiple of 4?
True
Is 725 a multiple of 14?
False
Does 117 divide 12264?
False
Does 17 divide 595?
True
Is 3168 a multiple of 16?
True
Is 7 a factor of 287?
True
Is 56 a factor of 134892?
False
Is 108 a factor of 15228?
True
Does 11 divide 3707?
True
Is 22800 a multiple of 